u(-147). Calculate the greatest common factor of c and 44.
11
Suppose -5 = -5*h, -g + 1 + 6 = -2*h. Suppose -g = 2*t - 25. Let a be 220/t*(2 - (-6)/(-5)). Calculate the highest common divisor of a and 44.
22
Let f be (-7)/(315/20) - (-44)/18. Suppose 5*c = -f*j - 56 + 191, 4*c - 108 = 3*j. Calculate the greatest common factor of c and 297.
27
Suppose -3*j - 458 = -3*m - 230, -2*m - 5*j = -96. Calculate the greatest common factor of 11764 and m.
68
Suppose -5899 = 145*x - 106468 - 4991. Calculate the highest common divisor of x and 377.
13
Let t(v) = -35*v + 28. Let f be t(-5). Let l(h) = h**3 - 13*h**2 + 31*h + 17. Let x be l(11). What is the highest common factor of f and x?
29
Let m(s) = -292*s**3 + 2*s**2 - 4*s - 4. Let x be m(-1). What is the highest common factor of 16611 and x?
147
Let m = 45 + 22. Let c = m + 15. Suppose 4*x + 2*v - c = 0, v - 49 = -3*x + 2*v. Calculate the highest common divisor of x and 3.
3
Let s be (15/(225/(-120)))/(4/(-34)). Let w = -39 + 90. What is the highest common divisor of s and w?
17
Let y be (-1716)/(-154) + -10 - (-30602)/14. Calculate the highest common divisor of 6 and y.
3
Suppose 204 = 4*a - 5*j, 304*j + 204 = 4*a + 305*j. Calculate the highest common divisor of 357 and a.
51
Suppose -2*k - 43 = -47, -2*f + 6*k + 17464 = 0. What is the greatest common divisor of 34 and f?
34
Suppose -a - 414 = 3*r, -5*a - 2*r + 250 = 2255. Let y = a - -452. Calculate the highest common factor of y and 53.
53
Let z = 8880 - 8860. Calculate the greatest common factor of z and 12140.
20
Suppose 5*o + q = 2211, -4*q + q = 5*o - 2213. Let n = o + -181. Calculate the highest common factor of n and 9.
9
Let t(s) = s**2 - 11*s - 630. Let v be t(-24). What is the greatest common divisor of 130 and v?
10
Let v be 4/(8/(-186))*(-8900)/534. Calculate the highest common factor of 248 and v.
62
Let s = 159 + -305. Suppose -4*l = -205*d + 203*d - 266, 6 = 2*l. Let r = d - s. Calculate the greatest common factor of r and 19.
19
Let d(c) = -c**3 - c**2 + 6*c - 7. Let h be d(-5). Let k = 5818 - 5809. What is the greatest common divisor of k and h?
9
Suppose 0*c - 5*c = -40. Let n = -3 + c. Suppose -2*u = -4*t + 36, -2*t + 0*u - n*u = -6. What is the greatest common divisor of t and 8?
8
Let k be (-118)/(-4) + 3806/(-692). Calculate the greatest common divisor of 84 and k.
12
Suppose 450 = 5*m + 4*m. Suppose -15 + 5 - 15 = -5*t. What is the highest common divisor of m and t?
5
Suppose -5*g - 17*r + 15*r = -164, 5*g + 3*r - 161 = 0. Calculate the highest common factor of g and 7157.
17
Suppose -37*j + 25091 = -12649. Calculate the greatest common factor of 4488 and j.
204
Let v = 71 - 43. Suppose 6*l = -542 + 710. What is the highest common factor of v and l?
28
Suppose -5*d = 4*f - 168, -2*f + 0*d = 4*d - 90. Suppose f = 2*l - 69. Let b = -31 + l. What is the greatest common factor of b and 110?
22
Suppose 19*a - 13*a - 24 = 0. Let z be ((-20)/a)/(-10)*(-216)/(-2). Suppose 4*t + 4 = -2*o - 0, -2*o = -4*t - 28. What is the highest common factor of o and z?
6
Let j be (-10424)/(-24) - (-24)/36 - (-2)/1. Calculate the highest common divisor of j and 1235.
19
Let x(h) be the second derivative of 12*h + 1/6*h**4 + 0 - 11/6*h**3 + 7*h**2. Let q be x(8). What is the greatest common factor of 36 and q?
18
Let t(l) = 5*l**2 + 22*l + 91. Let w be t(-3). Calculate the greatest common divisor of w and 812.
14
Let n(i) = i**2 - 26*i + 88. Let u be n(20). Let z(b) = -b**3 - 32*b**2 - 2*b - 44. Let c be z(u). Calculate the greatest common factor of c and 110.
10
Suppose -5*u - 3*l + 5687 = 0, 5*l - 7*l + 3413 = 3*u. What is the greatest common divisor of u and 5?
5
Let d be 3/(-22)*(-858)/312 - 29/(-8). Suppose 15 = -0*i + 3*i. Calculate the greatest common divisor of i and d.
1
Suppose -2*k + k = 3*z - 4322, -5*k + 7210 = 5*z. Suppose -m - z = -7*m. Calculate the highest common factor of 15 and m.
15
Suppose -10*n + 53 = -17. Calculate the greatest common divisor of n and 79.
1
Suppose 6*b + 3 = 4*l + b, -2 = -2*b. Suppose l*d - 4 = -r, -4*r - 4 = -3*d + d. Suppose -9*p + 6*p + 66 = r. What is the highest common divisor of p and 110?
22
Let x = 3047 + -2892. What is the greatest common divisor of 155 and x?
155
Let u(v) be the second derivative of -v**3/2 + 9*v**2/2 + 7*v. Let w be u(-4). Let d be 57 - (-4 + (-8)/4). Calculate the greatest common factor of d and w.
21
Let b = -777 - -786. Let t be b*(-17)/((-102)/4). What is the highest common factor of t and 282?
6
Suppose -5 = 17*j - 18*j. Suppose 4*g + g - 337 = -3*y, -y - 321 = -5*g. What is the highest common factor of g and j?
5
Let r be (11/(-5))/(80/16 - (-51)/(-10)). What is the highest common factor of r and 1914?
22
Let j(r) = -r**3 - 11*r**2 - 15*r - 33. Let b be j(-9). Let s be b/(-80) - 53/(-4). Calculate the highest common divisor of s and 126.
14
Let y(r) be the third derivative of -r**6/120 - 7*r**5/30 - r**4/12 + 17*r**3/6 - 113*r**2. Let j be y(-14). What is the highest common divisor of j and 18?
9
Suppose -30096 + 17599 = -81*a - 5081 + 67509. Let z be (1 - 112)*(-2)/6. What is the highest common divisor of z and a?
37
Suppose 142*x + 51*x = 1544. Calculate the greatest common divisor of x and 2174.
2
Let r = -14778 - -18305. What is the greatest common factor of r and 1?
1
Let c(g) = -g**3 + 12*g**2 + 641*g + 22. Let k be c(-20). Let s = 22 + -8. Calculate the greatest common divisor of k and s.
2
Let x be (54/21)/(5/35). Let t be 5*428/14 - x/(-126). What is the greatest common divisor of t and 51?
51
Let g = -260 + 282. Let c(d) = 2*d + 13. Let u be c(-4). Suppose -2*x + x - 3*f = -33, u*f + 165 = 5*x. Calculate the highest common factor of x and g.
11
Suppose 0 = 194*p - 193*p + 70. Let y = -16 - p. Let j = 105 - 99. Calculate the highest common divisor of y and j.
6
Let v be 18787/17 - ((-21804)/782 + 28). Calculate the highest common divisor of 1625 and v.
65
Suppose -3*g + 15 = -2*w, 7*w - 3 = 3*g + 2*w. What is the highest common factor of 4563 and g?
9
Suppose 20*v = -35*v + 9512 - 2197. What is the highest common factor of v and 1995?
133
Suppose 6405 = -5*a + 6*a - 5*q, -4*q = 5*a - 32025. What is the highest common factor of 10 and a?
5
Let h(s) = -s**2 + 25*s + 6. Let m be h(13). Let j = -26833 + 26869. What is the highest common divisor of j and m?
18
Suppose 43893 + 53007 = 57*k. What is the greatest common factor of k and 17?
17
Let o = -9 + 21. Suppose 650*l = 251*l + 59850. What is the greatest common factor of o and l?
6
Suppose -152*f + 135*f - 7254 = -110*f. What is the highest common divisor of 13299 and f?
39
Let p(z) = z**2 - 64*z + 1074. Let r be p(32). Calculate the highest common factor of 7625 and r.
25
Let u = -38006 + 38014. Calculate the greatest common factor of u and 2074.
2
Suppose 128*d - 153*d = -175. Calculate the highest common factor of d and 28.
7
Let y = -720 - -740. Suppose y*u + 42 = i + 18*u, -5*i + 4*u + 210 = 0. Calculate the highest common factor of 54 and i.
6
Suppose -5*v + 30 = 0, 3*f + 3*v - 8*v - 2574 = 0. Calculate the highest common divisor of 1364 and f.
124
Let n(p) be the first derivative of p**2/2 - 5*p - 8. Let x be n(9). Let c be 1/(8/(-16)*3/(-6)). Calculate the greatest common factor of x and c.
4
Let p be -1 + 1 + -1 + 7. Let w(q) = q**3 - 5*q**2 - 2*q - 8. Let j be w(p). Suppose -87*y + 86*y + 16 = 0. Calculate the greatest common divisor of y and j.
16
Suppose 2418 = 783*t - 770*t. What is the highest common divisor of 1581 and t?
93
Let y = 74750 + -74695. Suppose 0*d = -3*d + 297. What is the greatest common factor of d and y?
11
Suppose 2*k = -3*v + 33 + 887, 2*v - 4*k - 624 = 0. Calculate the greatest common factor of 418 and v.
22
Suppose 0 = -175*o - 113*o + 102816. What is the greatest common factor of o and 9163?
119
Let t = -4400 + 4458. What is the greatest common factor of 1102 and t?
58
Let k = 537 + -549. Let p be (-1)/((-42)/k - 4) + 16. Suppose -12 + 0 = -2*b. Calculate the highest common divisor of b and p.
6
Let r be -2 + (-117988)/(-28) - 3/(-21). Calculate the highest common factor of r and 78.
78
Let h = -2385 + 2569. Calculate the highest common divisor of 6624 and h.
184
Let s be 187/68*(-10 + 0)*-16. What is the highest common divisor of s and 704?
88
Let z(f) = 6*f**2 + 4*f - 52. Let i 